 -5*o + 22. Let q = o - h. Calculate the remainder when 38 is divided by q.
18
Suppose -65*p + 1035 = -60*p - 2*r, -1020 = -5*p + 5*r. Calculate the remainder when p is divided by 56.
41
Let s = -47 + 112. Let o = s + -58. Calculate the remainder when 18 is divided by o.
4
Let o(q) = 4*q + 65. Calculate the remainder when 80 is divided by o(-11).
17
Suppose r = 3*r - 6. Suppose -5*h + r*h + 4 = 0. Suppose m - h*i - 19 = 0, -m - i + 22 = 2*m. Calculate the remainder when m is divided by 4.
1
Suppose -6*v = -12*v + 1308. What is the remainder when v is divided by 37?
33
Suppose 4*x - 6*b - 1028 = 3*x, 3100 = 3*x - 2*b. What is the remainder when x is divided by 17?
14
Suppose 5*r = 10 + 20. Suppose -m - m = -r. Suppose 0 = 3*v + 2*s + m*s - 55, 0 = 3*v + 4*s - 50. What is the remainder when v is divided by 4?
2
Let f(m) = 10*m**2 + 44*m - 31. What is the remainder when f(9) is divided by 7?
6
Let s(f) = 3*f + 4. Let a be s(-4). Let g(y) = y**3 + 8*y**2 + 6. Let n = -43 + 65. Calculate the remainder when n is divided by g(a).
4
Suppose -a = 5*b - 68, 65*b + 5*a - 67 = 61*b. Calculate the remainder when b is divided by 8.
5
Let c(k) = -16*k - 46. Suppose 7*v + 96 = -v. What is the remainder when c(v) is divided by 37?
35
Let n(d) = d + 5. Let r(z) = 3*z + 19. Let o(s) = 2*s + 19. Let m(k) = 2*o(k) - 3*r(k). What is the remainder when m(-13) is divided by n(7)?
10
Let g(b) = -10*b**2 + 79*b + 1. What is the remainder when 473 is divided by g(2)?
116
Let c = -883 + 925. Calculate the remainder when 587 is divided by c.
41
Let t = -20 - -62. Let h = t - 2. Calculate the remainder when h is divided by 25.
15
Suppose 7*c = 12 + 2. Suppose -5*k - 5*j + 225 = 0, -3*k - c*j + 147 = -5*j. Calculate the remainder when k is divided by 16.
15
Suppose -5*h - 6 - 69 = 0. Let i = 29 + h. What is the remainder when i is divided by 11 + (-8)/2 - 4?
2
Let b(h) = 0*h + h - 3*h - h + 4*h**2 + 3 + h**3. What is the remainder when 26 is divided by b(-4)?
11
Let o(j) = -j**3 + 2*j**2 + 10*j - 17. What is the remainder when 80 is divided by o(-4)?
2
Suppose 0 = 8*i - 7 - 97. Suppose -a = 3, -i = -5*z - a + 2*a. Calculate the remainder when 19 is divided by z.
1
Suppose 3*v + 25 = 4*d - 2, -11 = 3*d + 4*v. Suppose b - 262 = -0*m - 2*m, d*b - 772 = m. Suppose -b = o - 4*o. What is the remainder when o is divided by 22?
20
Suppose 2*u - 3*p = 57, 103 = 5*u - u + 5*p. Let l(k) = 2*k + 15. Let g be l(-9). Calculate the remainder when u is divided by (2/12*-5)/(g/18).
2
Let j(x) = -3*x**3 - 9*x**2 - 7*x - 2. Calculate the remainder when 112 is divided by j(-3).
17
Suppose -5*p = -u + 25, 5*u + p = 5*p + 188. Calculate the remainder when 84 is divided by u.
4
Let o = -40 - -44. What is the remainder when 158 is divided by o/(-14) + 0 + 1520/28?
50
Suppose 2*q - 36 - 358 = 0. Suppose -49 = 4*n - q. Suppose -11 + 51 = 4*s. Calculate the remainder when n is divided by s.
7
Suppose 0 = -13*k - 0*k + 767. Let f = k - 22. Calculate the remainder when f is divided by 7.
2
Suppose -3*l - b - 3*b = 74, -4*b = -16. Calculate the remainder when 1 + 1014/8 + l/40 is divided by 33.
28
Let t(o) = 74*o + 16. Let b be t(6). Suppose c = -4*d + 486, 3*d + 84 = 5*c + b. What is the remainder when d is divided by 25?
22
Suppose 0*l - 8*l + 448 = 0. Let t = l + -44. Calculate the remainder when 106 is divided by t.
10
Let q = 0 + 3. Let b(t) = t**3 + t**2 - 34 + 0*t**2 + 33. Calculate the remainder when 139 is divided by b(q).
34
Let t = -239 + 404. Calculate the remainder when t is divided by 42.
39
Let s(w) = -w**3 + 9*w**2 - 5*w + 18. Let c be (1 + 2)/((-21)/(-56)). What is the remainder when s(c) is divided by 8?
2
Let u(h) = -h**3 - 2*h**2 + 6*h + 4. Let j be u(-4). Calculate the remainder when 43 is divided by 1235/114 + 2/j.
10
What is the remainder when (-9)/30 - (-3 - (-2286)/(-20)) is divided by 61?
56
Let u(q) = -35*q - 134. Calculate the remainder when u(-6) is divided by 14.
6
Let w = -27 - 31. Let b = -32 - w. Calculate the remainder when 98 is divided by b.
20
Suppose -39 = -z + 2*s, s = 3*s. Let h = -9 + z. Calculate the remainder when (-26)/39 - (-352)/6 is divided by h.
28
Let h(l) be the first derivative of 10*l**3/3 - l**2 - 2*l + 3. Suppose -x = 2*f - 27, -2 = -2*f + 4. What is the remainder when h(3) is divided by x?
19
What is the remainder when 154 is divided by (90/24)/((-6)/(-32))?
14
Suppose 33*v = 31*v + 20. What is the remainder when 12 is divided by v?
2
Let b = -202 - -221. Calculate the remainder when 1061 is divided by b.
16
Let k(v) = v**2 - 17*v + 62. Let g be k(5). Let n be ((-17)/3)/(2/(-54)). Suppose h + g*h = n. What is the remainder when h is divided by 18?
15
Let u = 162 + -64. What is the remainder when u is divided by 34?
30
Let k = -19 - -43. Let p(l) = l**3 + 5*l**2 + l - 6. Let q be p(-5). Let t = q - -18. What is the remainder when k is divided by t?
3
Let w(i) = -1 - 2 - 7*i + 8*i. Let l be w(5). What is the remainder when 13 is divided by l/(-2 - 0) + 9?
5
Suppose 3*h - 8 = 2*w - 26, 5*w - 5*h = 60. Suppose 276 = 9*v - 5*v. Calculate the remainder when v is divided by w.
15
Let s(d) = -d**3 - 14*d**2 + 4*d + 7. Let y be s(-14). Let k(o) = 14*o**2 + o - 1. What is the remainder when -4 - -3 - -5 - y is divided by k(1)?
11
Let a(w) = w**2 - 33*w - 51. Suppose -3*h + 8 = -r, -h + 2*h - r = 0. Calculate the remainder when a(35) is divided by h.
3
Let h(y) = -2*y**3 - 17*y**2 + 3*y - 9. Let n(p) = -13*p - 1. What is the remainder when h(-9) is divided by n(-2)?
20
Let n(q) = -70*q - 184. What is the remainder when n(-4) is divided by 10?
6
Let h(s) = -141*s - 647. Calculate the remainder when h(-7) is divided by 116.
108
Let z be ((-70)/(-8))/(19/76). Let v = -23 + z. Let q = 2 + v. Calculate the remainder when 55 is divided by q.
13
Let w(a) = 9*a + 15. Calculate the remainder when w(8) is divided by 5.
2
Let m = -1002 - -1027. Let v = 1 + 0. Suppose -38 = -x + 5*s, 2*x + 5*s = v - 0. Calculate the remainder when m is divided by x.
12
Suppose -8*t + 13*t - b = 275, 107 = 2*t - b. Suppose 2*f = -f, 0 = 4*l + 4*f - 20. Let r = 34 - l. What is the remainder when t is divided by r?
27
Suppose -4*w - 47 = 3*a, -3*a - 70 = 5*w - 9. Let k = w - -16. Calculate the remainder when 4 is divided by k.
0
Let z(c) = c**2 + 17*c - 13. Let k(j) = -j + 3. Let o be k(-4). Let d = o + -5. Calculate the remainder when z(-18) is divided by d.
1
Let b be (-2)/(8/(-6))*2. Suppose 0 = b*p + 20 - 5. Let a(q) = q**3 + 5*q**2 - 4*q + 2. Calculate the remainder when a(p) is divided by 6.
4
Suppose -11*x + 147 + 1195 = 0. Calculate the remainder when x is divided by 22.
12
Let s = 96 + 124. What is the remainder when s is divided by 60?
40
What is the remainder when (6/18 - 0)*3036 is divided by 78?
76
Let o(l) = -6 + 44*l + 22*l + 2 - 1. Calculate the remainder when o(1) is divided by 33.
28
Let u = -23 + 28. Suppose 4 = u*q - 4*h, 10 = q + 4*h - 10. Suppose -5*c + 12 = -53. Calculate the remainder when c is divided by q.
1
Let n be (-5)/(-1) + (2 - 2). Let j(q) = -53*q**2 + 54*q**2 - 2*q - n*q + 5. What is the remainder when j(8) is divided by 7?
6
Suppose -2*q - 25 = -q. Let h = -69 - -63. Let v = h - q. Calculate the remainder when 35 is divided by v.
16
Let g = -36 + 28. Calculate the remainder when 41 is divided by (-357)/(-28) + 6/g.
5
Let b be 1966/10 - (-4)/10. Suppose 0 = -3*v - 4*q - 0*q + b, -5*v = -5*q - 270. What is the remainder when v is divided by 16?
11
Let d = 7 - -63. Let t = -58 + d. Calculate the remainder when 19 is divided by t.
7
Let v = 178 - 150. What is the remainder when 80 is divided by v?
24
Suppose 4*x = x + 834. What is the remainder when x is divided by 28?
26
Suppose 5*i - 9*i = 20, 2*f - 141 = i. What is the remainder when 2785 is divided by f?
65
Suppose 3*w - 2 = 13, 0 = -3*u - 3*w + 48. Let f = -66 - -71. Suppose 0 = n - x - 32, 2*n + x - f*x = 66. Calculate the remainder when n is divided by u.
9
Suppose 5*v = -2*j + 473, -7*j + 428 = -5*j - 4*v. Calculate the remainder when j is divided by 9.
8
Let g be (-42)/(-8) + (2 - (-27)/(-12)). Suppose -g*j + 145 = 2*d, 4*d - 13 = 7. What is the remainder when j is divided by 5?
2
Let n(z) = -z**3 - 2*z**2 + 4*z + 6. Let h be n(-2). Suppose -39 = -5*y + 2*y. Calculate the remainder when (h - -5)/(